 - 3155 = 0, -u + 4*u + 1573 = 2*n. Calculate the remainder when n is divided by 33.
32
Let z(v) = -v**2 - 3*v + 7. Suppose -3*h + 8 = 20. Let u be z(h). Calculate the remainder when 2/2 - (u + -24) is divided by 12.
10
Suppose 7*q = 2*q + 5. Suppose -7 = -3*m - q. Suppose -m = -3*d + 2*d. What is the remainder when 2 is divided by d?
0
Suppose 3*i = -0*i + 15. Suppose 3*h - 5 = -g, i*h + 0*h = -2*g + 12. What is the remainder when 64 is divided by g?
9
Let f = 14 - -32. Let k(l) = 24*l + 6. Let u be k(1). Let d = f - u. Calculate the remainder when 63 is divided by d.
15
Let m(o) = 6*o**2 + 2*o - 2. Suppose 0 = 5*l - 15, 0 = y + 31*l - 35*l - 41. What is the remainder when m(5) is divided by y?
52
Suppose -8*r = 15*r - 1702. What is the remainder when 219 is divided by r?
71
Let h be -4 + 13 + (-9)/(-3). Let k(c) = 2*c - 4. Let s be k(h). Suppose 3*g - 3*p - 19 - s = 0, g = 4*p - 2. Calculate the remainder when g is divided by 10.
8
Let o = -381 - -403. Calculate the remainder when 129 is divided by o.
19
Let c = 916 + -907. What is the remainder when 818 is divided by c?
8
Suppose -3*y + 6 = -0. Suppose -5*x + 151 + 106 = -2*g, -3*g - 105 = -y*x. Calculate the remainder when x is divided by 18.
15
Let r = 1144 + -1117. Suppose p - 48 = -2*p. Calculate the remainder when r is divided by p.
11
Let i be 2 - (0 + 16/1). Let s = -12 - i. Suppose -2*g + 3*q + 25 = 0, -3*g = -2*g + s*q + 5. What is the remainder when 9 is divided by g?
4
Let q = -54 + 22. Let l = -16 - q. What is the remainder when l is divided by 9?
7
Let q(z) = -11*z + 25. Calculate the remainder when q(-3) is divided by 2 + 60/(-33) - (-648)/66.
8
Let c(x) = -x + 34. Let g(j) = -12*j + 7. Suppose -3*f + 5 = -4*f. Calculate the remainder when g(f) is divided by c(17).
16
Suppose 2*y + 16 = -4*t, 0 = 2*y - 5*y + t - 31. Let a(s) = s**3 + 9*s**2 - 14*s - 21. What is the remainder when 72 is divided by a(y)?
15
Let a(l) = -l**2 - 30*l + 132. What is the remainder when 106 is divided by a(-33)?
7
Let k(f) = -f**2 - 8*f - 6. Let b be k(-6). What is the remainder when 27 is divided by (-25)/15*b/(-2)?
2
Suppose 0 = -45*k + 10*k + 17745. Calculate the remainder when k is divided by 16.
11
Calculate the remainder when 1366 is divided by (-4316)/(-60) - (-2)/30.
70
Suppose -2159 = -8*q - 415. Let y = q - 156. Let n = 57 - 41. Calculate the remainder when y is divided by n.
14
Let n(h) = -h**3 + 6*h**2 + 9*h - 6. Suppose 44*o = 39*o + 20. What is the remainder when n(7) is divided by o?
0
Suppose -2*g = -3*j + 26, -50*j - 5*g = -53*j + 20. Calculate the remainder when j is divided by ((-1)/2)/((-1)/16).
2
Suppose 5*v + 223 = -z - 2*z, -5*v - 2*z = 222. Let f = 41 - v. What is the remainder when f is divided by 22?
19
Suppose 0 = -18*u + 177 + 147. What is the remainder when 772 is divided by u?
16
Suppose o + 3 = -2*i + 9, -5*o + 6 = -2*i. Let f = 5 - i. What is the remainder when 19 is divided by ((-14)/f)/((-2)/3)?
5
Suppose 35*c = 31*c, 5*y + 5*c - 215 = 0. Calculate the remainder when 103 is divided by y.
17
Calculate the remainder when ((-9555)/(-28))/7*4 is divided by 114.
81
Suppose -4*h = 3*c - 127, -7*h - 10 = -2*h. Calculate the remainder when 223 is divided by c.
43
Suppose 5*j = -100 + 745. Let z be (-6 - 35/(-20)*11)*4. Let c = j - z. Calculate the remainder when c is divided by 13.
11
Let s = 228 + -201. What is the remainder when 92 is divided by s?
11
Let j = 52 - 29. Suppose -2*i - 2*p + j = -9, i = -3*p + 22. What is the remainder when i is divided by (-20)/(-3)*42/35?
5
Let k = 341 + -322. What is the remainder when 470 is divided by k?
14
Suppose 98*a = 114*a - 224. Suppose 2*j + 3*j = 25. Calculate the remainder when a is divided by j.
4
Suppose -l + 5*z = 2*l - 616, 5*z = 4*l - 823. What is the remainder when l is divided by 16?
15
Let s be (-2)/(-5) + 669/15. Suppose r = -s + 26. Calculate the remainder when ((-6)/3 - -1)*r is divided by 7.
5
Let c = -8 - -42. Calculate the remainder when c is divided by 9.
7
Let h = -2655 - -2740. Calculate the remainder when h is divided by 30.
25
Suppose -13 - 59 = 9*b. What is the remainder when 11 is divided by (b/(-20))/(2/20)?
3
Suppose -6*b - 10 = -88. Calculate the remainder when 103 is divided by b.
12
Suppose 850 = 8*x - 678. Calculate the remainder when x is divided by 66.
59
Let u be 4 + (-3)/(15/10). Suppose -u*p = -7*p + 155. What is the remainder when p is divided by (-1 + 2)*(-22)/(-2)?
9
Let i(g) = 3*g**3 - 3*g**2 + g. Let l be (2/6)/(3/18). Let a be i(l). Let b = 37 - a. Calculate the remainder when 90 is divided by b.
21
Let z(d) = d**2 + 7*d + 27. Suppose 6 = -5*h + 5*j - 14, 3 = -h + 2*j. Calculate the remainder when z(h) is divided by 2.
1
Suppose 5*b = 6*b + 602. Calculate the remainder when b/(-3) - ((-6)/9)/(-1) is divided by 51.
47
Let z(h) = -h**3 - 28*h**2 - 53*h + 8. What is the remainder when z(-26) is divided by 18?
16
Suppose -25 + 71 = h. Suppose -12*f = -h - 50. What is the remainder when 46 is divided by f?
6
Suppose 5*q = 4*f - 140, -5*f = -5*q - 2*f - 140. Calculate the remainder when 2/((-8)/(-6))*2 is divided by ((-6)/5)/(q/70).
0
Let k(g) = -2*g**2 + 14*g - 12. Let p be k(6). Suppose n + 5*u = -p*n + 80, 4*u = 4. What is the remainder when n is divided by 26?
23
Let z = -79 - -215. Suppose -124 = 4*o + z. Let k = 91 + o. Calculate the remainder when k is divided by 9.
8
Suppose 24*s + 672 = 56*s. Calculate the remainder when 91 is divided by s.
7
Let d be 246/9 - 4/(-6). Let a = d + -7. Suppose -28 = 118*s - 122*s. Calculate the remainder when a is divided by s.
0
Suppose 3*g + 9 = x, 0*x + 2*x - 4*g - 8 = 0. Let n be (54/15)/(x/(-75)). Let o = n + -24. Calculate the remainder when o is divided by 8.
5
Let t(o) = -o + 23. Let y be t(12). Calculate the remainder when 684/y + 2/(-11) is divided by 17.
11
Let o = -525 - -643. Suppose 5*y = -5*c - 25, -y - 3*y - 2 = 2*c. Let t(z) = -2*z + 12. What is the remainder when o is divided by t(c)?
28
Let k(m) = -m**2 - m + 44. Let q be k(-7). Suppose q = -p + 9. Calculate the remainder when 18 is divided by p.
4
Suppose q - 4*q = v - 23, -4*q - 56 = -3*v. Let n be 30/(120/(-57) - -2). What is the remainder when (n/20)/(2/(-8)) is divided by v?
17
Let m(z) = 7*z + 353. Calculate the remainder when m(-48) is divided by 4.
1
Calculate the remainder when 106 is divided by (-52 - -4)/((-6)/4).
10
Let n = -609 + 643. Calculate the remainder when 134 is divided by n.
32
Let l be (62 - (-5 + 4)) + 0 + -1. Let r = l + 6. What is the remainder when r is divided by 14?
12
Let p(n) = 8 + n**3 + 9*n**2 + 5*n + n + n + n. Suppose 2*q + 5*u = 73, 3*q - q - 3*u - 49 = 0. What is the remainder when q is divided by p(-8)?
5
Let k be (-1)/(-4) - (-165)/44. Suppose 2*b - 33 = -b. Calculate the remainder when b is divided by k + (1 - 4)/3.
2
Suppose -1 + 7 = -3*a, -640 = -5*u - 5*a. What is the remainder when u is divided by 70?
60
Let i = 166 - 259. Let t = -79 - i. Calculate the remainder when t is divided by 8.
6
Let n = -227 - -238. Calculate the remainder when 43 is divided by n.
10
Let w = 9 + 17. Let o(a) = 2*a**2 - 16*a - 56. Let p be o(10). Let y = w + p. Calculate the remainder when 18 is divided by y.
8
Let s = -8 - -30. Let r be (-2)/(-6) - (-22)/6. Suppose -r*j = -u - 0*u + 29, 0 = -4*u - 2*j + 170. Calculate the remainder when u is divided by s.
19
Let f(t) = -t**3 + 5*t**2 - 2*t + 6. Let y be 0/(-1) + (3 - -1). Suppose -364 - 516 = -16*c. What is the remainder when c is divided by f(y)?
13
Let z = 11 + -9. Let b be 3 - (z - 1 - 0). Calculate the remainder when 17/(b/6*3) is divided by 9.
8
Let u(g) = -2*g - 26. Let o = -36 + 19. What is the remainder when 21 is divided by u(o)?
5
What is the remainder when (352/6)/((-4)/(-6)) is divided by 26?
10
Let t = -115 - -99. Let h(x) = x**3 + 16*x**2 - 8*x - 10. What is the remainder when h(t) is divided by 10?
8
Suppose -s - 4*s + 80 = 0. Suppose s = v - 3. What is the remainder when 56 is divided by v?
18
Let k be 1/2*24/2. Let r(f) = -k*f**2 + 3*f**3 - 2*f**3 + 6*f - 3 + f**2. What is the remainder when r(6) is divided by 24?
21
Let z(w) = w**3 - 8*w**2 + 8*w + 18. Calculate the remainder when 196 is divided by z(7).
21
Let s(v) = -v + 10. Suppose -4*g + i + 4 = -2*g, -i + 24 = 5*g. Suppose 3 = 2*j - 19. What i